when 14879 is divided by 14705.
174
Calculate the remainder when 1146 is divided by 295.
261
What is the remainder when 24280 is divided by 626?
492
What is the remainder when 4276 is divided by 612?
604
What is the remainder when 32053 is divided by 86?
61
Calculate the remainder when 736 is divided by 449.
287
Calculate the remainder when 155915 is divided by 426.
425
Calculate the remainder when 10156 is divided by 10091.
65
What is the remainder when 5454 is divided by 1454?
1092
Calculate the remainder when 479982 is divided by 5.
2
Calculate the remainder when 22996 is divided by 14.
8
What is the remainder when 6203 is divided by 156?
119
What is the remainder when 1540 is divided by 512?
4
Calculate the remainder when 8659 is divided by 507.
40
Calculate the remainder when 350059 is divided by 44.
39
Calculate the remainder when 3132 is divided by 99.
63
Calculate the remainder when 259 is divided by 103.
53
What is the remainder when 544 is divided by 65?
24
What is the remainder when 17386 is divided by 5769?
79
What is the remainder when 2755 is divided by 1126?
503
Calculate the remainder when 985076 is divided by 328354.
14
Calculate the remainder when 9151 is divided by 13.
12
What is the remainder when 1220518 is divided by 37?
36
What is the remainder when 268974 is divided by 49?
13
Calculate the remainder when 53030 is divided by 8837.
8
What is the remainder when 2881 is divided by 19?
12
Calculate the remainder when 112191 is divided by 37397.
0
Calculate the remainder when 11408 is divided by 1900.
8
Calculate the remainder when 24338 is divided by 8078.
104
Calculate the remainder when 2134 is divided by 417.
49
What is the remainder when 463 is divided by 91?
8
Calculate the remainder when 59641 is divided by 62.
59
Calculate the remainder when 33691 is divided by 6737.
6
What is the remainder when 3514048 is divided by 90?
88
What is the remainder when 1343 is divided by 671?
1
Calculate the remainder when 5095 is divided by 322.
265
Calculate the remainder when 1377146 is divided by 424.
418
What is the remainder when 268 is divided by 219?
49
Calculate the remainder when 210934 is divided by 204.
202
What is the remainder when 1103940 is divided by 27?
18
Calculate the remainder when 106084 is divided by 628.
580
Calculate the remainder when 18704 is divided by 6166.
206
What is the remainder when 1876 is divided by 271?
250
What is the remainder when 280633 is divided by 14770?
3
Calculate the remainder when 287 is divided by 125.
37
What is the remainder when 53479 is divided by 17670?
469
What is the remainder when 276485 is divided by 10239?
32
What is the remainder when 234544 is divided by 17?
12
What is the remainder when 7005 is divided by 1164?
21
Calculate the remainder when 11424 is divided by 184.
16
What is the remainder when 9211 is divided by 287?
27
What is the remainder when 31928 is divided by 7978?
16
Calculate the remainder when 800 is divided by 404.
396
Calculate the remainder when 6085 is divided by 80.
5
What is the remainder when 25298 is divided by 79?
18
What is the remainder when 561 is divided by 262?
37
Calculate the remainder when 25039 is divided by 1192.
7
What is the remainder when 4212 is divided by 2009?
194
What is the remainder when 7496 is divided by 21?
20
Calculate the remainder when 22172 is divided by 111.
83
What is the remainder when 10249 is divided by 49?
8
What is the remainder when 91988 is divided by 424?
404
What is the remainder when 5071 is divided by 2297?
477
What is the remainder when 998817 is divided by 155?
152
Calculate the remainder when 10179 is divided by 572.
455
What is the remainder when 16850 is divided by 340?
190
What is the remainder when 20254 is divided by 71?
19
Calculate the remainder when 10659 is divided by 149.
80
What is the remainder when 8524 is divided by 946?
10
What is the remainder when 55697 is divided by 422?
415
Calculate the remainder when 100114 is divided by 206.
204
Calculate the remainder when 234870 is divided by 58705.
50
Calculate the remainder when 3722 is divided by 2852.
870
What is the remainder when 23862 is divided by 725?
662
What is the remainder when 27597 is divided by 31?
7
What is the remainder when 20634 is divided by 32?
26
Calculate the remainder when 6744 is divided by 48.
24
What is the remainder when 836 is divided by 489?
347
What is the remainder when 10430 is divided by 1735?
20
What is the remainder when 504636 is divided by 37?
30
What is the remainder when 52910 is divided by 30?
20
Calculate the remainder when 3226 is divided by 460.
6
Calculate the remainder when 98968 is divided by 92.
68
Calculate the remainder when 4039 is divided by 859.
603
What is the remainder when 4676 is divided by 242?
78
Calculate the remainder when 9979 is divided by 61.
36
What is the remainder when 290284 is divided by 754?
748
What is the remainder when 324349 is divided by 369?
367
Calculate the remainder when 3052 is divided by 1017.
1
What is the remainder when 1174545 is divided by 32?
17
Calculate the remainder when 168 is divided by 44.
36
Calculate the remainder when 164475 is divided by 54825.
0
Calculate the remainder when 283238 is divided by 146.
144
What is the remainder when 4418 is divided by 316?
310
Calculate the remainder when 5498 is divided by 5000.
498
Calculate the remainder when 4527 is divided by 1502.
21
What is the remainder when 803 is divided by 213?
164
Calculate the remainder when 4212 is divided by 24.
12
What is the remainder when 183559 is divided by 149?
140
Calculate the remainder when 761889 is divided by 2548.
37
Calculate the remainder when 2674001 is divided by 23.
21
What is the remainder when 94240 is divided by 94210?
30
Calculate the remainder when 1125174 is divided by 13.
11
Calculate the remainder when 71798 is divided by 91.
90
Calculate the remainder when 766727 is divided by 1852.
1851
Calculate the remainder when 8536 is divided by 945.
31
What is the remainder when 5150 is divided by 172?
162
What is the remainder when 23427 is divided by 1938?
171
Calculate the remainder when 172213 is divided by 86083.
47
What is the remainder when 338191 is divided by 159?
157
What is the remainder when 568109 is divided by 4087?
16
What is the remainder when 1068 is divided by 179?
173
Calculate the remainder when 46133 is divided by 146.
143
What is the remainder when 3056266 is divided by 11?
4
Calculate the remainder when 391301 is divided by 95.
91
What is the remainder when 214503 is divided by 379?
368
Calculate the remainder when 189818 is divided by 191.
155
What is the remainder when 3673 is divided by 372?
325
Calculate the remainder when 8586 is divided by 225.
36
Calculate the remainder when 245982 is divided by 8.
6
Calculate the remainder when 1013 is divided by 849.
164
What is the remainder when 19139 is divided by 145?
144
Calculate the remainder when 2537 is divided by 2227.
310
Calculate the remainder when 11479 is divided by 1275.
4
Calculate the remainder when 4897 is divided by 671.
200
Calculate the remainder when 3781 is divided by 80.
21
What is the remainder when 6231 is divided by 3108?
15
What is the remainder when 417937 is divided by 59705?
2
Calculate the remainder when 10271 is divided by 1104.
335
Calculate the remainder when 3468 is divided by 61.
52
Calculate the remainder when 43615 is divided by 128.
95
Calculate the remainder when 175203 is divided by 175195.
8
Calculate the remainder when 4915 is divided by 120.
115
What is the remainder when 179007 is divided by 42?
3
Calculate the remainder when 9533 is divided by 9525.
8
What is the remainder when 181697 is divided by 257?
255
Calculate the remainder when 180939 is divided by 688.
683
What is the remainder when 1299183 is divided by 144353?
6
Calculate the remainder when 18168 is divided by 250.
168
Calculate the remainder when 13525 is divided by 898.
55
What is the remainder when 30922 is divided by 493?
356
What is the remainder when 6718 is divided by 3346?
26
Calculate the remainder when 773 is divided by 327.
119
Calculate the remainder when 1801 is divided by 768.
265
What is the remainder when 5383 is divided by 1608?
559
Calculate the remainder when 2957 is divided by 590.
7
W